3*t = 3*n, -4*t = -0*t + 2*n - 18. Suppose -f + 2*x = -0*x + t, 5*f - x - 30 = 0. What are the prime factors of f?
7
Let c be (-8)/(-5) + (-8)/(-20). Suppose z = -c - 1. List the prime factors of (7 - z)/(4/2).
5
Let p = -64 - -99. Let m = p - 20. Suppose 11 = -t + 4*t - 2*o, -5*t = -4*o - m. What are the prime factors of t?
7
Suppose 25*r + 140 = 26*r. List the prime factors of r.
2, 5, 7
List the prime factors of 57 + 2 + 1 + -5.
5, 11
Let p = 5 + -3. Suppose v = -4*f + 45, p*v - v - 56 = -5*f. What are the prime factors of f?
11
Let f = 2 - 0. Let k be (-1)/((-1)/2) - 3. Let v = f - k. List the prime factors of v.
3
What are the prime factors of (1 + 2)/3 - -86?
3, 29
Suppose 3*y - 9 = 0, 4*c = 3*c + 4*y + 4. List the prime factors of c.
2
Suppose 0 = 17*u - u - 1584. What are the prime factors of u?
3, 11
Let h = 12 + -2. What are the prime factors of h?
2, 5
Suppose 4*q - 344 = 8*q. Let m = q - -39. Let d = -34 - m. List the prime factors of d.
13
Let u(y) = 5*y - 4*y + y**2 - 4*y - 1 - 3*y. Suppose q + 5*z - 43 = -11, -3*z + 15 = 0. What are the prime factors of u(q)?
2, 3
Suppose 3*r + 18 = 5*j + 5*r, 5*j - 26 = -4*r. Let x = -5 + j. Let u = x - -8. What are the prime factors of u?
5
Let t(q) = -4*q + 13. Let n(y) = 3*y - 9. Let u(v) = 7*n(v) + 5*t(v). Let d be u(2). Suppose -25 = -d*c + 27. List the prime factors of c.
13
Let l(d) = 7*d + 1. List the prime factors of l(11).
2, 3, 13
Suppose -2*u + 5 + 0 = 5*r, u - 2*r = 7. What are the prime factors of u?
5
What are the prime factors of 263/7 + (-24)/42?
37
Let w = 86 + -60. Suppose -3*h + h - w = 0. Let a = h + 19. List the prime factors of a.
2, 3
Let f = -1 + 8. What are the prime factors of f?
7
Let d = 2 - -2. Suppose 0*m + 3*f = -2*m + 12, 0 = 2*m + 5*f - 16. Suppose l + 3 = o, o + m*l = d + 7. List the prime factors of o.
5
List the prime factors of 6*(12 - 3)*(-1)/(-6).
3
Let i(c) = c**3 + 3*c**2 - c - 1. Let m be i(-2). Suppose 0 = -4*v + 6*v - m*z - 47, 5*z - 205 = -5*v. What are the prime factors of v?
2, 3
Let j(a) = -2*a - 3 + 0 - 3*a. Suppose -2*q = -0*q + 4. List the prime factors of j(q).
7
Let y = 63 + -6. List the prime factors of y.
3, 19
Let q = -12 - 29. Let w = q + 71. What are the prime factors of w?
2, 3, 5
Let w = 351 + -160. List the prime factors of w.
191
Let z(d) = -d**3 + 10*d**2 - 5*d + 4. Let y(p) = p**2 + 1. Let t(n) = 4*y(n) - z(n). What are the prime factors of t(6)?
2, 3, 5
List the prime factors of (-2)/(3 + (-175)/55).
11
Let j be ((-5 - -2) + 3)*1. Suppose w - 3 + 1 = j. Suppose -1 - w = -g. What are the prime factors of g?
3
Let v be 4/16 + (-34)/8. List the prime factors of v/((-2)/(-1)*-1).
2
Let y = 8 - 8. Suppose y = -h - 0*h + 3. Suppose -v = -10 + h. List the prime factors of v.
7
What are the prime factors of 1/(-3) + (-10516)/(-66)?
3, 53
Let i = 91 + -58. What are the prime factors of i?
3, 11
List the prime factors of 2/(-7) - (-10920)/147.
2, 37
Suppose 2*h = 7*h + 20. Let s(n) = 3*n**2 + 6*n + 7. What are the prime factors of s(h)?
31
Let n(b) = -b**3 - 5*b**2 - 4*b. Let x be n(-4). Suppose -8 = 3*i - 47. Suppose -2*m = 5*a - 6 - i, 5*m + 4*a - 39 = x. What are the prime factors of m?
7
Let w be 1/(1/3*1). List the prime factors of w*-6*(-4)/9.
2
Let k(s) = 5*s**2 + s - 22. Let r(v) = -4*v**2 + 21. Let x(n) = 5*k(n) + 6*r(n). What are the prime factors of x(-8)?
2, 5
Suppose 0 = -4*y + 7 + 1. Let v = y - 0. What are the prime factors of v?
2
Let w = -17 + 53. Suppose -5*h = -h - w. List the prime factors of h.
3
Let s(o) = o**3 + 8*o**2 + 8*o + 17. List the prime factors of s(-7).
2, 5
Let m(o) = o - 8. Let g be m(8). Suppose 0 = -g*f + f - 15. List the prime factors of f.
3, 5
Suppose i - 5*t - 40 = 0, 2*i = 2*t + 2 + 38. Suppose 5*r = 2*n + 1 - 6, -3*n + i = -5*r. What are the prime factors of n?
2, 5
Let x(j) = j**3 + 11*j**2 - 13*j - 11. Let y be x(-12). What are the prime factors of (2 + 13)*y - -3?
2, 3
Suppose -95 = -5*k + 2*x, -54 = -2*k + 5*x - x. List the prime factors of k.
17
Let j be (36/(-10))/(1/5). List the prime factors of (-12)/j + (-104)/(-6).
2, 3
Suppose -5*b = -841 - 154. What are the prime factors of b?
199
Let q(g) = g**2 + 9*g + 8. Let v = 11 + -20. List the prime factors of q(v).
2
Let a = 5 + 7. What are the prime factors of a?
2, 3
Let v be (2 + (-36)/15)*-5. Suppose 3*z - 23 - 33 = v*u, 3*z - 52 = u. List the prime factors of z.
2
Let s(u) = -3*u**2 + 2*u + 3. Let y be s(-2). Let d = -2 - y. What are the prime factors of d?
11
Let x(q) = -q**2 - 3*q. Let h be x(-3). Suppose h = w - n - 44, 4*w - 154 = -n + 27. What are the prime factors of w?
3, 5
Suppose 3*z - 915 = -0*z. What are the prime factors of z?
5, 61
List the prime factors of 111 + 3/5 + (-36)/10.
2, 3
Let m(p) = -18*p - 5. Let t be m(-6). Let w = t + -66. What are the prime factors of w?
37
Suppose -4*l + 3*l = -5. List the prime factors of l.
5
Let x(f) be the second derivative of -f - 3/2*f**2 + 13/6*f**3 + 0 - 1/12*f**4. List the prime factors of x(12).
3
Let t(m) be the first derivative of -m**2 + m + 3. Let j be t(3). Let z = j - -8. What are the prime factors of z?
3
Let y(m) = -28*m + 2. Let n be y(-2). Suppose 4*b - 14 - n = 0. List the prime factors of b.
2, 3
Let g = 17 - 0. What are the prime factors of g?
17
Let k(y) = 3*y**3 - 3*y**2 + 5*y - 8. List the prime factors of k(3).
61
Let p(t) = -t**3 + 6*t**2 + 8*t - 5. Let y(m) = m + 15. Let k be y(-9). What are the prime factors of p(k)?
43
Let i(b) = -b**2 + 12*b - 9. What are the prime factors of i(8)?
23
Let v(h) = h**2 - 8*h - 11. Let t(g) = -g + 1. Let l be t(-4). Suppose -2*m = -3*w - 6*m + 10, l*w - 4*m = 70. What are the prime factors of v(w)?
3
Suppose 0 = 2*w + 3*w + 10, -z = -2*w - 44. Suppose -4*l - 12 = 0, -3*i + 5*l - 4 + z = 0. What are the prime factors of i?
7
Suppose -4*o + g = -3, 0*o - 2*g = -3*o - 4. Suppose p + 49 = v, -3*v + o*p + 43 = -103. Suppose -4*q = -8*q + v. What are the prime factors of q?
2, 3
Let n be -2 - 2/(4/(-10)). Suppose 0 = -y + n - 7. What are the prime factors of ((-6)/y)/((-6)/(-16))?
2
Let n(s) = -11*s - 3. Let a(k) = -10*k - 4. Let m(w) = 3*a(w) - 2*n(w). List the prime factors of m(-4).
2, 13
Suppose 4*f - f = -2*c - 7, -4*f = 3*c + 10. Let g be (7 + 3)/(f - -3). Suppose -5*p + 43 = g*m - p, p - 16 = -2*m. List the prime factors of m.
7
Let v(n) be the third derivative of 7*n**4/24 - n**3/6 - 2*n**2. Let d be v(-5). Let m = 51 + d. List the prime factors of m.
3, 5
List the prime factors of (-123)/(-6) + (-10)/(-4) + -3.
2, 5
Let w = -38 + 88. Suppose -2*q = 3*q - w. List the prime factors of q.
2, 5
Suppose -4*c = 4*m - 148, 2*m - 51 - 37 = 5*c. List the prime factors of m.
3, 13
Let y be ((-6)/4)/((-6)/16). Suppose -8 = y*a + 8. What are the prime factors of 1*(-2)/a*14?
7
Let a = -2 - -1. Let q be 1 + (0 - 22)*a. Let u = q + -12. What are the prime factors of u?
11
Let x(i) = -12*i**3 - i**2 + i + 1. What are the prime factors of x(-1)?
11
Suppose -4*f = -155 - 133. List the prime factors of f.
2, 3
Let i(k) be the second derivative of k**6/90 - k**5/120 - k**4/24 - k**3/2 + 2*k. Let x(q) be the second derivative of i(q). List the prime factors of x(2).
13
Let s(g) = -5*g - 4. Let n(u) = -3*u - 2. Let f(b) = -7*n(b) + 4*s(b). List the prime factors of f(4).
2
Let x(s) = s**3 - 2*s**2 - 8*s - 2. What are the prime factors of x(6)?
2, 47
Suppose j + 2 = 5. Let q = j + -26. List the prime factors of 3/6*-2 - q.
2, 11
Let s = 5 + -9. Let d(x) = x**2 + 4*x + 6. Let l be d(-4). Let i = l + s. What are the prime factors of i?
2
Let h = -238 + 352. List the prime factors of h.
2, 3, 19
List the prime factors of 4/((-16)/10)*(-328)/10.
2, 41
Let i be ((-3)/6)/1*6. Let y = -2 + i. Let o = 7 - y. What are the prime factors of o?
2, 3
Suppose -7 = j - 2*q - 3, 5*j + 20 = -5*q. Let f be 2/1 + -2 - j. Suppose -2*p = -l - 0*p + 13, 4*l - f*p - 40 = 0. List the prime factors of l.
7
Let o(l) = l + 7. Let p be o(-7). Suppose p = -2*g + g + 1. List the prime factors of 1 - (1 - 3)/g.
3
Let s(f) be the third derivative of 0*f + 0 - 3/20*f**5 + 1/6*f**3 + 1/120*f**6 + 3/8*f**4 - 3*f**2. List the prime factors of s(8).
3
Suppose 0 = -4*k + 20, 3*k - 19 + 4 = 5*v. Suppose v*n + n = -63. What are the prime factors of 4/6*n/(-6)?
7
Let j(w) = w**3 - 13*w